{"id":31,"date":"2011-11-17T08:40:24","date_gmt":"2011-11-17T07:40:24","guid":{"rendered":"http:\/\/www.china-einfach.de\/?page_id=31"},"modified":"2021-12-29T18:22:02","modified_gmt":"2021-12-29T17:22:02","slug":"startseite","status":"publish","type":"page","link":"https:\/\/china-einfach.de\/","title":{"rendered":"China einfach."},"content":{"rendered":"<h3><span style=\"color: #800000;\">Mehr Kulturverst\u00e4ndnis f\u00fcr ein erfolgreicheres Chinagesch\u00e4ft<\/span><\/h3>\n<p>\u00a0<\/p>\n<p style=\"text-align: left;\">Spezifische Erfahrungen in unterschiedlichen Kulturkreisen f\u00fchren zu verschiedenen Wahrnehmungen und Ansichten. Diese sind jedoch zumeist aus beiderlei Sichtweisen logisch und somit richtig.<\/p>\n<p style=\"text-align: left;\">Oftmals f\u00fchren verschiedene Wege zum gleichen Ziel, auch wenn dies nicht auf den ersten Blick erkennbar ist. Daher gilt es, offen aufeinander zu zugehen, um eine gemeinsame Basis zu finden.<\/p>\n<p style=\"text-align: left;\">Hilfreich sind dabei Vermittler, die mit beiden Kulturen vertraut sind und Differenzen aufgrund kommunikativer Barrieren vorausschauend vermeiden.<\/p>\n\n\n<div class=\"wp-block-cover aligncenter has-background-dim\"><img loading=\"lazy\" decoding=\"async\" width=\"224\" height=\"300\" class=\"wp-block-cover__image-background wp-image-120\" alt=\"\" src=\"https:\/\/china-einfach.de\/wp-content\/uploads\/2011\/11\/Br\u00fccke8-224x300.jpg\" data-object-fit=\"cover\" srcset=\"https:\/\/china-einfach.de\/wp-content\/uploads\/2011\/11\/Br\u00fccke8-224x300.jpg 224w, https:\/\/china-einfach.de\/wp-content\/uploads\/2011\/11\/Br\u00fccke8.jpg 235w\" sizes=\"(max-width: 224px) 100vw, 224px\" \/><div class=\"wp-block-cover__inner-container is-layout-flow wp-block-cover-is-layout-flow\">\n<h4 class=\"has-text-align-center wp-block-heading\"><a href=\"https:\/\/china-einfach.de\/?page_id=34\"><span class=\"has-inline-color has-background-color\">Sprachunterricht<\/span><\/a><\/h4>\n\n\n\n<h4 class=\"has-text-align-center wp-block-heading\"><a href=\"https:\/\/china-einfach.de\/?page_id=36\"><span class=\"has-inline-color has-background-color\">Kultur-Seminare<\/span><\/a><\/h4>\n\n\n\n<pre class=\"wp-block-verse has-text-align-center\"><strong>auch online m\u00f6glich<\/strong><\/pre>\n\n\n\n<h4 class=\"has-text-align-center wp-block-heading\"><a href=\"https:\/\/china-einfach.de\/?page_id=38\"><span class=\"has-inline-color has-background-color\">\u00dcbersetzungen<\/span><\/a><\/h4>\n<\/div><\/div>\n\n\n\n<p><\/p>\n","protected":false},"excerpt":{"rendered":"<p>Mehr Kulturverst\u00e4ndnis f\u00fcr ein erfolgreicheres Chinagesch\u00e4ft \u00a0 Spezifische Erfahrungen in unterschiedlichen Kulturkreisen f\u00fchren zu verschiedenen Wahrnehmungen und Ansichten. Diese sind jedoch zumeist aus beiderlei Sichtweisen logisch und somit richtig. Oftmals f\u00fchren verschiedene Wege zum gleichen Ziel, auch wenn dies nicht auf den ersten Blick erkennbar ist. Daher gilt es, offen aufeinander zu zugehen, um eine [&hellip;]<\/p>\n","protected":false},"author":4,"featured_media":791,"parent":0,"menu_order":0,"comment_status":"closed","ping_status":"closed","template":"","meta":{"footnotes":""},"class_list":["post-31","page","type-page","status-publish","has-post-thumbnail","hentry"],"_links":{"self":[{"href":"https:\/\/china-einfach.de\/index.php?rest_route=\/wp\/v2\/pages\/31"}],"collection":[{"href":"https:\/\/china-einfach.de\/index.php?rest_route=\/wp\/v2\/pages"}],"about":[{"href":"https:\/\/china-einfach.de\/index.php?rest_route=\/wp\/v2\/types\/page"}],"author":[{"embeddable":true,"href":"https:\/\/china-einfach.de\/index.php?rest_route=\/wp\/v2\/users\/4"}],"replies":[{"embeddable":true,"href":"https:\/\/china-einfach.de\/index.php?rest_route=%2Fwp%2Fv2%2Fcomments&post=31"}],"version-history":[{"count":69,"href":"https:\/\/china-einfach.de\/index.php?rest_route=\/wp\/v2\/pages\/31\/revisions"}],"predecessor-version":[{"id":880,"href":"https:\/\/china-einfach.de\/index.php?rest_route=\/wp\/v2\/pages\/31\/revisions\/880"}],"wp:featuredmedia":[{"embeddable":true,"href":"https:\/\/china-einfach.de\/index.php?rest_route=\/wp\/v2\/media\/791"}],"wp:attachment":[{"href":"https:\/\/china-einfach.de\/index.php?rest_route=%2Fwp%2Fv2%2Fmedia&parent=31"}],"curies":[{"name":"wp","href":"https:\/\/api.w.org\/{rel}","templated":true}]}}