{"id":24,"date":"2011-11-17T08:37:10","date_gmt":"2011-11-17T07:37:10","guid":{"rendered":"http:\/\/www.china-einfach.de\/?page_id=24"},"modified":"2021-12-29T14:06:23","modified_gmt":"2021-12-29T13:06:23","slug":"profil","status":"publish","type":"page","link":"https:\/\/china-einfach.de\/?page_id=24","title":{"rendered":"Profil"},"content":{"rendered":"<h3><a href=\"https:\/\/china-einfach.de\/wp-content\/uploads\/2011\/11\/ich.jpg\"><img loading=\"lazy\" decoding=\"async\" class=\"wp-image-158  aligncenter\" style=\"margin: 8px; border: 1px solid black;\" title=\"ich\" src=\"https:\/\/china-einfach.de\/wp-content\/uploads\/2011\/11\/ich.jpg\" alt=\"\" width=\"239\" height=\"314\" \/><\/a><\/h3>\n<p><strong>Susanne Schimanski<\/strong><\/p>\n<ul>\n<li>Studium der Sinologie mit Schwerpunkt Geschichte und Philosophie Chinas, Chinesisch und Politikwissenschaften, Ruhr-Universit\u00e4t Bochum<\/li>\n<li>davon 1 Jahr an der Zhejiang-Universit\u00e4t Hangzhou\/ VR China<\/li>\n<li>Aufbaustudium in Sinologie und Ethnologie, Westf\u00e4lische Wilhelms-Universit\u00e4t M\u00fcnster<\/li>\n<li>Promotion in Sinologie 2010, Westf\u00e4lische Wilhelms-Universit\u00e4t M\u00fcnster<\/li>\n<\/ul>\n<p><strong>Weitere Qualifikationen<\/strong><\/p>\n<ul>\n<li>Erwachsenenp\u00e4dagogische Qualifikation (EPQ) des Landesverbandes der Volkshochschulen NRW e.V. in Zusammenarbeit mit der Westf\u00e4lischen Universit\u00e4t M\u00fcnster<\/li>\n<\/ul>\n<ul>\n<li>Zertifikat Interkultureller Trainer (m\/w) &#8211; IKUD Seminare, dgikt<\/li>\n<\/ul>\n","protected":false},"excerpt":{"rendered":"<p>Susanne Schimanski Studium der Sinologie mit Schwerpunkt Geschichte und Philosophie Chinas, Chinesisch und Politikwissenschaften, Ruhr-Universit\u00e4t Bochum davon 1 Jahr an der Zhejiang-Universit\u00e4t Hangzhou\/ VR China Aufbaustudium in Sinologie und Ethnologie, Westf\u00e4lische Wilhelms-Universit\u00e4t M\u00fcnster Promotion in Sinologie 2010, Westf\u00e4lische Wilhelms-Universit\u00e4t M\u00fcnster Weitere Qualifikationen Erwachsenenp\u00e4dagogische Qualifikation (EPQ) des Landesverbandes der Volkshochschulen NRW e.V. in Zusammenarbeit mit der [&hellip;]<\/p>\n","protected":false},"author":4,"featured_media":0,"parent":0,"menu_order":1,"comment_status":"closed","ping_status":"closed","template":"","meta":{"footnotes":""},"class_list":["post-24","page","type-page","status-publish","hentry"],"_links":{"self":[{"href":"https:\/\/china-einfach.de\/index.php?rest_route=\/wp\/v2\/pages\/24"}],"collection":[{"href":"https:\/\/china-einfach.de\/index.php?rest_route=\/wp\/v2\/pages"}],"about":[{"href":"https:\/\/china-einfach.de\/index.php?rest_route=\/wp\/v2\/types\/page"}],"author":[{"embeddable":true,"href":"https:\/\/china-einfach.de\/index.php?rest_route=\/wp\/v2\/users\/4"}],"replies":[{"embeddable":true,"href":"https:\/\/china-einfach.de\/index.php?rest_route=%2Fwp%2Fv2%2Fcomments&post=24"}],"version-history":[{"count":33,"href":"https:\/\/china-einfach.de\/index.php?rest_route=\/wp\/v2\/pages\/24\/revisions"}],"predecessor-version":[{"id":800,"href":"https:\/\/china-einfach.de\/index.php?rest_route=\/wp\/v2\/pages\/24\/revisions\/800"}],"wp:attachment":[{"href":"https:\/\/china-einfach.de\/index.php?rest_route=%2Fwp%2Fv2%2Fmedia&parent=24"}],"curies":[{"name":"wp","href":"https:\/\/api.w.org\/{rel}","templated":true}]}}